Let h = 10 - 8. Suppose u = h*r - 0. What are the prime factors of r?
2, 3
Let v(z) = -66*z - 1. Let m be v(1). Let a = -39 - m. Suppose -4*w + a = -2*w. List the prime factors of w.
2, 7
Suppose 0*g + 12 = 4*g. Suppose -5*z + 64 = 4*v - 15, 3*v + g*z = 60. List the prime factors of v.
3, 7
Let l(y) be the second derivative of y**4/12 + y**3/3 - 5*y**2 - 2*y. Let k be l(-8). What are the prime factors of (-6)/9 + k/3?
2, 3
Suppose -d = d. Suppose -5*a - 4*h = -10, 5*h = 4*a - d*a + 33. Let u = a - -4. What are the prime factors of u?
2
Suppose i + i - 63 = p, 5*p = -3*i + 75. List the prime factors of i.
2, 3, 5
Let f(g) = 2*g + 1. Let k be f(3). Suppose -u + 6 = -k. Suppose u = 2*o - 7. What are the prime factors of o?
2, 5
Suppose 2*x - 25 = -3*x. Suppose x - 1 = -2*r. Let w(h) = -2*h + 2. List the prime factors of w(r).
2, 3
Let k be 50/(-20)*(-8)/10. Suppose -3*j = -77 + k. List the prime factors of j.
5
Suppose -272 = -2*f - 4*m, 558 = 4*f + 6*m - 5*m. What are the prime factors of f?
2, 5, 7
Let g(w) = 4*w + 6. Let d(n) = -3*n - 5. Suppose j + 9 = 4*l, 4*j - 2*l - 4 = 2. Let z(k) = j*d(k) + 2*g(k). List the prime factors of z(-8).
5
Let t(c) be the second derivative of c**4/12 - 5*c**3/6 + 3*c**2/2 + c. Let f(p) = -4*p + 1. Let b be f(-1). What are the prime factors of t(b)?
3
Let v be 26/10 - (-6)/(-10). Suppose v*m - 6*m + 32 = 0. List the prime factors of m.
2
Suppose 696 = 2*p + 236. List the prime factors of p.
2, 5, 23
Let j(x) be the first derivative of -x**4/24 - x**3/6 - x**2/2 - 1. Let o(d) be the second derivative of j(d). What are the prime factors of o(-7)?
2, 3
Let w = 3 - -1. Let l be 26/(-10) - (-6)/10. Let c = l + w. What are the prime factors of c?
2
Let l = -1 - 9. Let h be (-2)/((-3)/(-3)) - l. Let y = h + -4. What are the prime factors of y?
2
Let n(p) be the first derivative of p**3 - 5*p**2/2 - 7*p + 3. Let o be n(5). Suppose 5*i - 2 = o. What are the prime factors of i?
3
Suppose -2*y + 36 = 2*y. Let m(h) = 2*h - 5. What are the prime factors of m(y)?
13
What are the prime factors of (-18 - 42)*2/(-5)?
2, 3
Suppose -3*v - 24 = -p, 3*v = 2*p - 13 - 20. Let y(w) = w - 2*w - w - p. What are the prime factors of y(-9)?
3
Let o be (-9)/(-3)*(-2)/(-3). Suppose 3*q + 3*p = -54, -2*q - 3*q - 93 = o*p. Let z = q - -28. What are the prime factors of z?
3
Let t be 2 - (0 - 1)/(-1). Suppose -3*h - 6 = 0, 0*h - 3*h = -y + 9. Let l = t + y. What are the prime factors of l?
2
List the prime factors of (-1 - 97*-1)/((-6)/(-8)).
2
Suppose -2*d - d = -6. Suppose 5*x + 0*h + h = -32, x + 10 = -d*h. What are the prime factors of (-26)/x - 6/(-9)?
5
Let s be (-27)/(-6)*(-16)/(-6). Suppose 4 = 4*n + 2*v + 2, 0 = 2*v + 6. Suppose -y = n*t - s, y - 20 = -y - 5*t. What are the prime factors of y?
2, 5
Suppose -8*a + 18*a - 1120 = 0. What are the prime factors of a?
2, 7
Let n be ((-6)/(-8))/((-13)/(-52)). Suppose y = n*z + 36, 4*z + 156 = 5*y + z. What are the prime factors of y?
2, 3, 5
Let m be 2/(2*3/24). Suppose -l = -4*h - m, -6*l + 32 = -3*l - 4*h. Let z = 17 - l. List the prime factors of z.
5
List the prime factors of ((-3)/9)/(2/(-474)).
79
List the prime factors of 2/(-13) - (-530)/65.
2
Let b(p) = -p**2 + 2*p + 115. What are the prime factors of b(0)?
5, 23
Let j(l) = l**3 - 8*l**2 - 11*l + 13. Let i be j(9). Let b = i + 7. Suppose -11 = -3*o + b*o - 3*t, -3*o + 21 = -3*t. What are the prime factors of o?
2
List the prime factors of ((-345)/(-9) - 2)*(8 + -5).
109
Suppose -y = -5*d - 20, -2*d - d = -2*y + 19. Let u = 0 + d. Let r = 6 + u. List the prime factors of r.
3
Let w(l) = 5*l + 22. List the prime factors of w(7).
3, 19
Let z be 4/(-8) + 10/4. Let r = 29 - -4. Suppose -3*m - z*q = 7 - 30, 5*m + 2*q - r = 0. List the prime factors of m.
5
Suppose -4*c + 606 = -d, 383 = 5*c + 5*d - 387. List the prime factors of c.
2, 19
Suppose 0 = -m + y + 161, 0*m - 455 = -3*m - 4*y. What are the prime factors of m?
157
Let p = 46 + -16. List the prime factors of p.
2, 3, 5
Let a(x) be the third derivative of x**5/60 + 7*x**4/24 + 7*x**3/6 - 3*x**2. What are the prime factors of a(-8)?
3, 5
Suppose 2*k = -0*k + 5*j - 19, 4*j = -3*k + 29. Let x = k + 6. List the prime factors of (-6)/x + (-42)/(-9).
2
Suppose -5*v = 12*v - 2363. What are the prime factors of v?
139
What are the prime factors of 6*4/12 + 164?
2, 83
Let w(q) = q**2 - 3*q. Let r be w(3). Let b = r + 4. Suppose 0 = 5*j - b*y + 1, -6 = 2*j - 3*y. List the prime factors of j.
3
Suppose 0 = -2*j + 2*i - 5 - 1, -2*i = -5*j. Suppose 29 = -j*o - 61. What are the prime factors of 2/(-4) + o/(-6)?
7
Let m(d) = d**2 + 2*d - 1. Let a be m(-3). Suppose -3*n = 5*b, -4*n + a*b - b = 0. Suppose 2*p = -n*p + 22. What are the prime factors of p?
11
Let n = -12 + 18. Suppose -2*h = -t + 4, -3*t = -6 - n. Suppose h*x - 2*x + 18 = 0. List the prime factors of x.
3
Let z(f) = f**2 - 3*f + 2. Let k = 45 + -30. Suppose u - k = -4*u. What are the prime factors of z(u)?
2
Suppose o = -o + 4. List the prime factors of 25 + (-4)/4*o.
23
Let i be (-15)/6*(-32)/20. Suppose -3*s + 12 = -0*s, 2*o - 2*s - i = 0. What are the prime factors of o?
2, 3
Let i = -37 - -76. What are the prime factors of i?
3, 13
Suppose 0*q - 7*q + 224 = 0. What are the prime factors of q?
2
Let q(g) = g**3 + 7*g**2 + 8*g + 6. Let d be q(-5). Let c = 24 + d. What are the prime factors of c?
2, 5
Let i = 7 + 22. What are the prime factors of i?
29
Let d(y) = 4*y**2 + y + 1. Let u be d(-1). Let f = u + -4. Suppose f = 4*n - 2*n - 4. What are the prime factors of n?
2
Suppose 3*h - 6 = f, -h + 6*h - 10 = 2*f. Let u(y) = f*y + y + 2*y - 4. List the prime factors of u(4).
2
Suppose -4*j - 9 + 57 = -4*d, -2*j + 3*d + 29 = 0. Let n(o) = -o + 3. Let i(r) = -2. Let y(g) = -4*i(g) - 2*n(g). What are the prime factors of y(j)?
2
Suppose -8*o - 24 = -120. List the prime factors of o.
2, 3
Let j(n) = -n + 5. Let w be j(3). Suppose -20 = -5*s, 84 = 3*r + r + w*s. List the prime factors of r.
19
Suppose a + 22 = -2*s, -a + 46 = -4*a - s. Let p = -7 - a. Suppose -5*o = 2*v - 3, 2*o = p*o + 5. What are the prime factors of v?
2
What are the prime factors of (-16)/24 - (-8)/(-6)*-137?
2, 7, 13
Suppose 0 = 4*n + h - 289, -5*n + 0*n - 3*h + 356 = 0. List the prime factors of n.
73
Suppose 16 = 2*f - 4*m, f - 5 = 4*m - 3*m. Suppose 3*j = -n - f, 3*n = -0*n + j + 34. List the prime factors of n.
2, 5
Let k(j) = -4*j + 25. Let v(i) = 3*i - 17. Let z(l) = 5*k(l) + 7*v(l). List the prime factors of z(5).
11
Let l be -3*712/132 + 2/11. Let k = 60 - 28. Let z = k + l. List the prime factors of z.
2
Let q = -7 - -5. Let z be ((-32)/10)/(q/(-10)). What are the prime factors of -15*(z/10)/4?
2, 3
Let z = 52 - -98. List the prime factors of z.
2, 3, 5
List the prime factors of 3*5*48/20.
2, 3
Let u(t) = t + 9. Let g be u(-10). Let a(m) = 10*m**2 - 1. List the prime factors of a(g).
3
Let r(d) = -76*d + 13. List the prime factors of r(-2).
3, 5, 11
Let q = -48 - -78. List the prime factors of q.
2, 3, 5
Let n = -22 - -27. Let w = n - -17. What are the prime factors of w?
2, 11
What are the prime factors of 514/10*(5 - 0)?
257
Suppose -12 = 3*t, -i - 4*t + 44 + 158 = 0. What are the prime factors of i?
2, 109
Let p be (-1 + 2)/1 - -1. Let z be (-18)/(p - 5) - 1. Suppose 0 = -2*o - z*q + 7 + 17, 2*o = -4*q + 22. What are the prime factors of o?
7
Suppose n - 1 = 2*n. Let s be -1*n*(-5 + -2). Let z = 13 + s. List the prime factors of z.
2, 3
Let x = -16 + 5. Let k = x - -17. List the prime factors of -1*3/k*-24.
2, 3
Let l = -25 + 68. Let o = l + -19. What are the prime factors of o?
2, 3
Let w(j) = j**3 + j**2 - j - 1. Let f(t) = 3*t**3 + 10*t**2 - 8*t + 1. Let n be (-1*(0 - 1))/1. Let c(a) = n*f(a) - 4*w(a). What are the prime factors of c(5)?
2, 5
Suppose 0 = -4*m - 392 + 1048. What are the prime factors of m?
2, 41
Suppose n = -n + 64. List the prime factors of n.
2
Suppose 4*u = 0, 2*n - 4*u - 27 = -n. Suppose 0*h = h - n. What are the prime factors of h?
3
Suppose -2*i + 5*w + 191 = i, 4*w - 142 = -2*i. What are the prime factors of i?
67
Suppose -d - 93 = -3*i, -2*i + 7*i - 166 = -2*d. What are the prime factors of i?
2
Suppose -3*u + 69 = -2*u. What are the prime factors of u?
3, 23
Suppose -2*d + 8 = u + 2, 30 = 5*u - 4*d. Let h be (-1)/((-9)/u - -